 23. Let y(f) be the first derivative of w(f). Calculate y(6).
-1
Let v(p) = -p - 9. Let x = 20 - 28. Determine v(x).
-1
Let c(g) be the second derivative of g**3/3 - 13*g**2/2 - 274*g. Give c(14).
15
Let o(f) be the first derivative of f**2 + f + 8/3*f**3 + 21. Determine o(-1).
7
Let b(w) = -2*w - 3 - 2 + 8*w - 3 + w**2. What is b(-8)?
8
Let s be 1*(1 + 3) + -2. Let t be s/(-5) - (-204)/85. Let k(c) = 8 + 0 - t + 0*c - c. Calculate k(0).
6
Suppose 0 = -7*i + 3*i - q + 91, 3*i - 62 = -2*q. Suppose -i = 5*h + 1. Let j(o) = o**2 + 2*o - 6. What is j(h)?
9
Let h be (25 - 28)/((-1)/(-1)). Let t be 1*(h + (-10)/5). Let i(z) = -z**2 - z + 3. Calculate i(t).
-17
Suppose -6*u - 13 + 43 = 0. Suppose -5*h - 35 = -u*p + 20, -p + 4*h = -26. Let i(b) = -b**2 + 6*b - 1. Calculate i(p).
-1
Let j(d) = -d + 9. Let g(l) = l**2 - 6*l + 1. Let u be g(4). Let r be 17 - 2*(-6 - -2 - -5). Let t = r + u. Determine j(t).
1
Let m = -2 - -4. Suppose -13 = -m*p - 5. Let l be (-22)/18 - p/(-18). Let a(b) = -4*b**3 - b**2. Determine a(l).
3
Let j(h) = h**2 + 11*h + 28. Let d be j(-5). Let t(l) be the second derivative of 1/20*l**5 + 4*l + 0 - 1/6*l**4 - 2/3*l**3 - l**2. What is t(d)?
-10
Let i(m) = 3*m + 0*m + 2*m**2 - 1 - 3 - 5*m + 85*m**3 - 86*m**3. What is i(3)?
-19
Let s(x) be the third derivative of -x**6/120 + x**5/12 - 5*x**4/24 + x**3/2 + 196*x**2 - x. Determine s(4).
-1
Let f be (6/(-4))/((-68)/(-408)). Let o(i) = i**2 + 11*i - 4. What is o(f)?
-22
Let z(f) = 5*f**3 - 8*f + 6. Let o(j) = 11*j**3 + j**2 - 16*j + 12. Let d(r) = -4*o(r) + 9*z(r). Suppose 110*h = 108*h + 10. Calculate d(h).
-9
Suppose -t = -a + 25, 2*a - 3 = a. Let f be (-3)/(-2) + t/(-4). Let k(y) = 1 + 0*y + f*y - 9*y. Calculate k(-2).
5
Suppose 4*g - 3*g + 4*n - 17 = 0, -40 = -5*g - 5*n. Let j(o) = -o**3 + 4*o**2 + 2*o. Determine j(g).
-15
Suppose 4*t + 6 + 2 = 0. Let o(c) be the third derivative of c**5/60 + c**4/24 - c**3/3 - 3*c**2. What is o(t)?
0
Let x = 5 + -15. Let o(s) = 0*s - 12 - 1 - s. Let d be o(x). Let l(a) = -3*a. What is l(d)?
9
Suppose -4*s - 3*t - 39 = 0, -5*s + s - 29 = t. Let w be s*(-8 + 3)/5. Let k(o) = -2*o + 7. Calculate k(w).
-5
Let z(v) = -v**3 + 3*v**2 + 15*v + 8. Let h = 494 - 488. Determine z(h).
-10
Let d = 14 - 12. Suppose -4*p = -5*z - 25, 5*p - 17 = d*z + 10. Let c(v) = 6*v - 7*v - v**2 - 3 + 8*v. Calculate c(p).
7
Let l(q) = q**2 - 6*q + 6. Let v be (1/(-2))/(49/(-294)). Determine l(v).
-3
Suppose -3*z - 20 = -4*g - 4*z, 2*g - 10 = -3*z. Suppose -3 = g*d + 2. Let l(c) be the third derivative of 11*c**6/120 + c**5/60 + c**4/24 + 27*c**2. Give l(d).
-11
Let w = -24 + 28. Suppose 0 = 2*l - w*z - 30, 0 = -4*l - 7*z + 3*z. Let m(h) = -h**3 + 5*h**2 + h - 3. Give m(l).
2
Let k(j) = 17*j**3 + j**2. Suppose 3*t - p = 0, -2*p - 13 + 5 = 2*t. Determine k(t).
-16
Let s(n) = 4*n**3 + n + 81. Let r(j) = -3*j**3 - j**2 - 54. Let d(f) = 7*r(f) + 5*s(f). Determine d(-7).
-8
Let f(q) = 35*q - 6 - q**2 - 17*q - 7*q. What is f(8)?
18
Let p be 48/(-30)*5/2 - -3. Let l(s) = -8*s - 7. Let c(v) be the first derivative of v**2/2 + v + 3. Let f(u) = p*l(u) - 5*c(u). Calculate f(-2).
-4
Let t(y) be the first derivative of -y**3 - y**2 + 3*y + 1. Let x(o) = 24*o - 526. Let p be x(22). What is t(p)?
-13
Let a(k) = -2*k + 30. Suppose -5*c = 5*c - 130. Determine a(c).
4
Suppose -5*p - 42 = -4*a, -5*p + 16 = 6. Suppose -a = -9*j + 59. Let z(q) = -q**3 + 7*q**2 + 10*q - 11. Calculate z(j).
5
Suppose 78 - 274 = 4*u. Let g = 51 + u. Let t(s) = -2*s**3 + 3*s**2 - s. Calculate t(g).
-6
Let b be 2 + -3*8/(-12). Suppose 5*m - 2*m = b*j + 29, -3*m + 2*j + 31 = 0. Let i(p) = 5*p + m*p - 5 + 2 - 14*p + p**2. What is i(-4)?
5
Let r(o) = 6*o**2 + 10*o - 1. Let w(k) = -k**2 - 2*k. Let d(v) = -r(v) - 4*w(v). Calculate d(-4).
-23
Let d(b) be the third derivative of -b**6/720 - b**5/20 + 7*b**4/12 + b**2. Let a(o) be the second derivative of d(o). Let r = -4 + 1. Calculate a(r).
-3
Let b(p) = -22 - 10 + p + 25. Calculate b(7).
0
Suppose 86*n + 116 = 57*n. Let b(w) = 3*w**2 + 5*w + 1. Give b(n).
29
Suppose -2*q - 6 + 0 = 0. Let w(r) be the first derivative of -r**3/3 - 5*r**2/2 - 4*r + 3352. Calculate w(q).
2
Let h(a) = 2*a**2 + 3*a - 2. Let o(y) = -4*y**2 - 7*y + 4. Let r(v) = 5*h(v) + 2*o(v). Calculate r(-3).
13
Let t = -82 - -4. Let n = t + 70. Let l(p) = -p**2 - 7*p - 6. What is l(n)?
-14
Let s(v) = 17*v**2 - 15*v**2 + v**3 + v**2 + v. Give s(-3).
-3
Let h(g) = -g**2 + g - 1. Let y(b) = 7*b**2 + 4*b + 12. Let m(d) = -d**2 - 2*d. Let t be m(-1). Let v(s) = t*y(s) + 6*h(s). Calculate v(-9).
-3
Let r(u) = u. Suppose -2*s = 2 + 2. Let b be -8*(-1)/(-2) + s. Determine r(b).
-6
Let b(m) = 46*m**2 - 4*m**3 - 2 + 1 - m - 49*m**2 + 5*m**3. Let q = 2 + 1. Calculate b(q).
-4
Let h(u) be the third derivative of -11*u**6/120 - u**5/60 - u**4/12 - u**3/6 - u**2. Let x = -95 + 119. Suppose 16*c - 8 = x*c. Determine h(c).
11
Let n(z) = -z - 1. Let t = 3 - -4. Let m(y) = y**3 - y**2. Let c(b) = -6*b**2 + b - 6. Let i(l) = -c(l) - m(l). Let w be i(t). Calculate n(w).
0
Let f(r) = 6*r - 1. Let x(o) = 14*o - 12*o - 2 + 5*o. Let p(j) = 6*f(j) - 5*x(j). What is p(-7)?
-3
Let y(z) be the second derivative of 2*z**3 + 7*z**2/2 + 432*z - 1. Determine y(5).
67
Let b = -9 - -8. Let j = 2 - b. Let p(z) = 7*z**2 - 9 + j*z**3 - 6*z**3 + 4*z + 4*z**3 + 2. What is p(-6)?
5
Let r = -55 + 58. Let w(v) = -6 - r + v + 0*v + 7. Suppose 0*z - 2*z = 3*n, 0 = 2*z - 4*n. Determine w(z).
-2
Let k(d) = -d + 4. Let r be (-2)/8 - 7*(-1)/(-4). Let a be (-56)/(-42)*(1 - r). Calculate k(a).
0
Let g(j) = -j - 14. Let m(n) = -3. Let l(x) = 1. Let r(w) = 4*l(w) + m(w). Let o(c) = -g(c) - 6*r(c). What is o(-7)?
1
Let g(s) be the third derivative of s**4/4 + 29*s**3/6 - 37*s**2 + 4*s. Determine g(-4).
5
Let c(f) = -f**3 + 4*f**2 - 2*f + 4. Suppose 0 = -0*h + 8*h - 560. Let d = h - 67. What is c(d)?
7
Let j(k) = -32*k**2 - 18*k + 13. Let u(d) = 13*d**2 + 9*d - 6. Let r(t) = -2*j(t) - 5*u(t). Determine r(-9).
4
Let s(t) = 3*t + 17. Let p(k) = -4*k - 26. Let a be 210/(-27) + 2/(-9). Let b(g) = a*s(g) - 5*p(g). Suppose c = 4*d + 19, 51*c = 3*d + 52*c + 9. Give b(d).
10
Let w(k) = -16*k + 2. Let y be 14/(-6) - (-21)/63. Give w(y).
34
Suppose -106*c + 29 = -77*c. Let g(t) = 17*t + 2. Calculate g(c).
19
Let i(d) = -d**3 - 6*d**2 + d + 8. Let a be i(-6). Suppose -a*f + 14 = -6. Suppose -p + f = -6*p. Let t(q) = q**3. Give t(p).
-8
Let u(g) = -9*g**3 + 6*g**2 + 8*g + 2. Let t(o) = -11*o**3 + 7*o**2 + 10*o + 2. Let h(f) = -3*t(f) + 4*u(f). Give h(-2).
34
Let h(y) = -6*y + 7. Let s(q) = 7 + 0 - 5*q + 0. Let j = 57 - 61. Let t(u) = j*h(u) + 5*s(u). Calculate t(5).
2
Suppose -8*h - 50 + 2 = 0. Let z be -2 + 0 + (-8)/(-2). Let g(s) = z - 7 + 3*s - 4 - 5*s. Calculate g(h).
3
Let v be 123/9 - (-1)/3. Suppose 2*f - 2*q - 10 = -2*f, -f = 5*q + v. Let r(b) = 5*b**3 + 2*b**2 - 2*b + 1. Determine r(f).
6
Let x(u) be the second derivative of 1/12*u**4 + 1/2*u**2 + 0 - 2/3*u**3 - 18*u. Give x(2).
-3
Let j(o) = -6*o - 25. Suppose 3*v = -5*w - 32, 4 = -6*v + 3*v + 2*w. Give j(v).
-1
Suppose 0 = 5*z + 2*f - 11, -27*f + 28*f = -z + 1. Let v(t) be the second derivative of -1/2*t**2 + 5*t + 0 - 1/3*t**z. Determine v(-5).
9
Let g(s) = -2*s. Suppose l - p = 8, 29 = 4*l - 0*p - p. Suppose l = u + 19. Let y = u + 9. What is g(y)?
6
Let q(x) = 15 - 4*x - 2*x**3 - 4*x**2 + 0*x - 18. Calculate q(-2).
5
Let a(d) = -d + 4. Suppose 0 = 3*b - 4*p, -2*b + 3*p - 5 = -b. Let w be (-12 + b)/((-6)/9). Suppose -3*x - w = -6*x. What is a(x)?
0
Let s(w) = -w**2 - 7*w - 6. Let x be s(-5). Let y(u) = 42 - u**3 + 4*u**2 - 23 - 14 - u. Determine y(x).
1
Let g(s) = -3*s**2 - 3*s + 7. Let t(c) = 4*c**2 + 3*c - 8. Let x(f) = 5*g(f) + 4*t(f). Let l = 61 - 59. What is x(l)?
1
Let v(b) = -b**3 - 10*b**2 + 25*b + 14. Let t = -711 - -699. Give v(t).
2
Let i(p) = 10*p + 7. Let o(d) be the third derivative of -7*d**4/24 - 5*d**3/6 + 5*d**2 + d. Let j(u) = -5*i(u) - 7*o(u). Give j(-4).
4
Let v(q) = 3*q**3 - q + 1. Suppose 12 = -2*n - 4*n. Let z(d) = -d - 1. Let u be z(n). Calculate v(u).
3
Suppose -34*l = -33*l. Let v(d) = -5*d - 4. Let o(u) = 4*u + 4. Let c(y) = -4*o(y) - 3*v(y). Give c(l).
-4
Suppose -4 = -2*i + 2. Let p(c) = 2*c**3 + 103*c**2 - 1 - 204*c**2 - 3*c**3 + 104*c**2 - c. Determine p(i).
-4
Let k(w) be th